n 7 is divided by d.
1
Let f(d) = -12*d - 5. Suppose 5*z + h = 92, 3*h + 0*h + 9 = 0. Calculate the remainder when f(-5) is divided by z.
17
Suppose 0 = -6*s + 91 + 17. Calculate the remainder when s is divided by 2.
0
Let v(r) = 5*r + 9. Let j(q) = q. Let u(k) = 3*j(k) - v(k). What is the remainder when 8 is divided by u(-7)?
3
Let s(z) be the third derivative of -z**4/24 + 3*z**3/2 - z**2. Let l(u) = 2*u - 3. What is the remainder when s(7) is divided by l(2)?
0
Let c = 29 - 15. What is the remainder when c is divided by 41/8 + -3*4/96?
4
Suppose 3 = -2*k + 15. Suppose 2*t - 30 = 2*n, n + 3*n + 43 = 3*t. What is the remainder when t is divided by k?
5
Suppose 4*u + 0*k - 99 = k, k = 2*u - 49. What is the remainder when u is divided by 7?
4
Let s(a) be the first derivative of -a**2 - 2*a + 3. Let t be s(-2). Suppose -f - t = -3*f. Calculate the remainder when f is divided by 1.
0
Suppose -68 - 7 = -5*t. Suppose 0 = y + 5*f + t, 13 = -4*y + f + 37. Calculate the remainder when 14 is divided by y.
4
Let f = 12 - 13. What is the remainder when f - (-42 + (4 - 4)) is divided by 11?
8
Suppose 5*w + 3*a = 179, -4*w + 4*a + 158 = -a. Suppose 3*y - 5*y + 82 = 4*s, -3*s - 2*y + 63 = 0. Calculate the remainder when w is divided by s.
18
Calculate the remainder when (-12)/(-28) - ((-390)/21 - -3) is divided by 4.
0
Let o(f) = 2*f**2 - 3*f**3 - 4*f + 2*f**3 + 6*f**2 + 8 + f**2. What is the remainder when o(8) is divided by 14?
12
Let h = -54 - -116. Calculate the remainder when h is divided by 21.
20
Calculate the remainder when (2 - 4)/(-1) + 98 + 11 is divided by 38.
35
Suppose q = b - 13, b - 4*b = -2*q - 40. Let k = -5 + b. What is the remainder when 33 is divided by k?
6
Suppose 0 = 5*c + 14 - 4, 0 = -4*l + 3*c + 42. What is the remainder when 17 is divided by l?
8
Let n be 1 - 0/1 - 0. What is the remainder when n*122/(8/4) is divided by 16?
13
Let c(q) be the first derivative of 9/2*q**2 - 1 - 1/4*q**4 + 7/3*q**3 + 0*q. Calculate the remainder when c(8) is divided by 3.
2
Let v be 10/4*16/5. Suppose -3*a = -v*a + 50. Suppose 2*i - 19 = 57. Calculate the remainder when i is divided by a.
8
Let p = -33 - -95. Calculate the remainder when p is divided by 23.
16
Suppose -2*l = 2*a - 102, 0*l - 3*l + 161 = -5*a. What is the remainder when l is divided by 18?
16
Let b be (-6)/(-8) + 1/4. Suppose 3*z + 5 = v, 15 - b = 2*v - 2*z. Calculate the remainder when 31 is divided by v.
7
Calculate the remainder when -5*(-3)/((-45)/(-24)) is divided by 5.
3
Suppose -812 + 147 = -5*j. Suppose -j = -5*n - a, a + 110 = n + 3*n. Suppose -n - 21 = -3*k. What is the remainder when k is divided by 9?
7
Suppose 5*t = 120 + 195. Let y = 400 + -384. What is the remainder when t is divided by y?
15
Suppose 2*c - 1 = 3, 0 = -z + 2*c + 6. Suppose 4 = -q + z. Suppose -k + 3 = -1. Calculate the remainder when q is divided by k.
2
Suppose 3*v - 186 = -0*v. Calculate the remainder when v is divided by 16.
14
Let w(c) = -c**2 + 26*c - 56. What is the remainder when w(18) is divided by 18?
16
Suppose 0 = -0*g - 5*g + 100. What is the remainder when g is divided by 8?
4
Let b be 83*(-4 - -2 - 0). Let p = 63 + b. Let v = -58 - p. What is the remainder when v is divided by 23?
22
Let a be (-456)/(-10) + 2/5. Let o = a + -20. Suppose 0 = 15*w - 4*w - 99. Calculate the remainder when o is divided by w.
8
Suppose -3*a = -1 - 11, -4*t - 4 = -5*a. Suppose t*k = 1 + 23. What is the remainder when k is divided by 3?
0
Let l(m) = m**3 - 3*m**2 + m + 1. Suppose -81 = -5*p - 6. What is the remainder when p is divided by l(3)?
3
Suppose -2*z + 6*z - 39 = -u, 0 = 2*u - 6. Calculate the remainder when 34 is divided by z.
7
Suppose 5 = -5*r, p - 3*r - 3 - 4 = 0. Suppose -3*b + p + 2 = 0. Let o = -18 + 23. Calculate the remainder when o is divided by b.
1
Suppose 44 = 2*b - 2*u, -3*b = -0*b + 5*u - 66. Calculate the remainder when 81 is divided by b.
15
Let n be 2*((-27)/(-6) - 2). Let g = -4 - -7. Suppose -n*o - 4*r + 33 = 0, -g*o + r = -17 + 4. What is the remainder when 14 is divided by o?
4
Let g(q) = q + 3 + 0 + 1 - 3. Let f(c) = 9*c + 1. Let k(r) = f(r) - 2*g(r). Calculate the remainder when 36 is divided by k(2).
10
Let b be (3 - 3) + (107 - -1). Let u = -50 + b. Calculate the remainder when u is divided by 30.
28
Let s = -66 + 140. Calculate the remainder when s is divided by 25.
24
Let j(f) = -f**2 - 6*f - 7. Let l be j(-5). Calculate the remainder when (l/5)/((-6)/240) is divided by 6.
4
Let q(n) = n**2 + 6*n - 3. Let b be q(-6). Let p be 1/b - (-2058)/18. Suppose -d = 2*d - p. Calculate the remainder when d is divided by 20.
18
Calculate the remainder when (55 - -2)/((-16)/(-4) - 3) is divided by 20.
17
Suppose g = -16 - 5. Let i = g + 31. Suppose 5*r = 58 + 32. Calculate the remainder when r is divided by i.
8
Suppose 3*k = -7*v + 3*v + 157, -v = -2*k + 90. Calculate the remainder when k is divided by 16.
15
Let k be (-2)/((24/20)/(-3)). Suppose -2*u + 60 = 3*y, 0*y + 20 = y + k*u. Calculate the remainder when y is divided by 7.
6
Let r = -46 - -85. What is the remainder when r is divided by 14?
11
Suppose -5*f + 0*t + 4*t = -47, -5*f - 3*t = -61. What is the remainder when f is divided by 7?
4
Let t(i) = i**2 + 10*i - 22. Calculate the remainder when 135 is divided by t(4).
33
Let g be (-1)/((6/50)/3). Let t = 36 + g. Suppose 32 + 64 = 3*n. What is the remainder when n is divided by t?
10
Suppose 51 = 2*u + 23. What is the remainder when 110 is divided by u?
12
Let h = -2 + 5. Suppose 0*c + 3 = 3*c. What is the remainder when h is divided by c?
0
Let z(l) = 36*l**3 + 1. Calculate the remainder when z(1) is divided by 10.
7
Let b(s) = 3*s + 7. Let c = -59 + 122. What is the remainder when c is divided by b(5)?
19
Suppose -4*y + z = -0 - 8, 0 = 2*y - 3*z - 4. Suppose -y*p = -9 + 3. Let f = p - -1. What is the remainder when 5 is divided by f?
1
Suppose 0 = 5*w - 321 + 56. Calculate the remainder when w is divided by 18.
17
Let v = -67 + 105. What is the remainder when v is divided by 14?
10
Suppose 39 = 7*i - 24. Calculate the remainder when 53 is divided by i.
8
Suppose -476 + 92 = -6*x. What is the remainder when x is divided by 17?
13
Suppose -2*c + 45 + 11 = -3*j, 0 = -c + j + 27. Suppose -c = -2*d - 3*d. What is the remainder when 19 is divided by d?
4
Suppose -j = -2 - 2. Suppose -4*t = -2*s + 58 - 140, t = j*s + 24. Calculate the remainder when t is divided by 7.
6
Let t be (4 + (-1 - 1))/(-2). Let a be (1 - -52) + (-1)/1. What is the remainder when 37 is divided by (a/(2/t))/(-2)?
11
Let x(f) = -2*f + 4. Calculate the remainder when 46 is divided by x(-10).
22
Let n(p) = -p**3 + 12*p**2 + 12*p + 15. Calculate the remainder when 3 is divided by n(13).
1
Let k(b) = -b**2 + b + 10. What is the remainder when k(0) is divided by 8/(-2)*-1 + 2?
4
Suppose j + 3*j = 48. Let q = -9 - -31. Calculate the remainder when q is divided by j.
10
Calculate the remainder when (-2)/6 + (-650)/(-15) is divided by 11.
10
Let w(g) be the second derivative of g**3/3 - 13*g**2/2 - 3*g. Calculate the remainder when w(10) is divided by 3 - -3 - (-1 - -3).
3
Let g = 0 - -6. Let o = -6 - -28. Calculate the remainder when o is divided by g.
4
Let p(b) = 5*b - 4. Calculate the remainder when 42 is divided by p(3).
9
Suppose 4*i + 2 = -2. Let q = i - -6. What is the remainder when 53 is divided by (-4)/(-10) - (-88)/q?
17
Suppose t - 3*t = 4*a, 0 = t - 5*a. Suppose t = 5*b - 3*b - 28. What is the remainder when b is divided by 5?
4
Suppose 8*u = 5*u + 27. Calculate the remainder when u is divided by 4.
1
Let w(c) = -c**2 + 11*c - 11. Let x(s) be the second derivative of -s**4/12 + 5*s**3/3 - 9*s**2/2 + 2*s. Calculate the remainder when w(5) is divided by x(8).
5
Let l be (2/(-6))/((-2)/18). Suppose l*y - 4 = 56. Calculate the remainder when y is divided by 7.
6
Let d(s) = 2 + 6*s - 4*s + 3*s. Suppose -5*v + 2*v + 105 = 0. Calculate the remainder when v is divided by d(2).
11
Suppose -212 = -x + 3*t, 6*x + 3*t = x + 988. Suppose 3*u - 243 = 3*h, -5*h - 43 = -3*u + x. What is the remainder when u is divided by 21?
18
Suppose 198 = 4*y - 2*p + 3*p, 0 = 5*y - 5*p - 235. Calculate the remainder when y is divided by 14 - -2*1/(-2).
10
Suppose -4*p = 0, 3*p = 3*m - p. Suppose g = -3*g + 2*r + 304, m = -g + 5*r + 8